 the ten thousands digit of 1918420?
1
What is the ten thousands digit of 9678114?
7
What is the hundreds digit of 96566?
5
What is the hundred thousands digit of 266474?
2
What is the tens digit of 390511?
1
What is the thousands digit of 18828841?
8
What is the tens digit of 146697?
9
What is the ten thousands digit of 4578175?
7
What is the ten thousands digit of 280854?
8
What is the tens digit of 310288?
8
What is the units digit of 235138?
8
What is the hundred thousands digit of 414157?
4
What is the hundreds digit of 6498350?
3
What is the thousands digit of 31953221?
3
What is the units digit of 2343329?
9
What is the tens digit of 4038818?
1
What is the millions digit of 3528473?
3
What is the units digit of 417573?
3
What is the thousands digit of 1891406?
1
What is the millions digit of 1383199?
1
What is the millions digit of 7397894?
7
What is the units digit of 7254623?
3
What is the thousands digit of 1028230?
8
What is the units digit of 4634689?
9
What is the tens digit of 92758?
5
What is the ten thousands digit of 494059?
9
What is the thousands digit of 485535?
5
What is the tens digit of 1657397?
9
What is the millions digit of 3969935?
3
What is the thousands digit of 3279791?
9
What is the millions digit of 6211815?
6
What is the tens digit of 858653?
5
What is the units digit of 18868003?
3
What is the hundred thousands digit of 603198?
6
What is the hundreds digit of 8243958?
9
What is the hundreds digit of 13829?
8
What is the units digit of 1025201?
1
What is the units digit of 6682068?
8
What is the thousands digit of 2009911?
9
What is the ten thousands digit of 2559945?
5
What is the hundred thousands digit of 766808?
7
What is the units digit of 106961?
1
What is the thousands digit of 70597?
0
What is the tens digit of 678565?
6
What is the tens digit of 963245?
4
What is the tens digit of 205317?
1
What is the units digit of 18058694?
4
What is the units digit of 176915?
5
What is the thousands digit of 748704?
8
What is the ten thousands digit of 12394164?
9
What is the units digit of 533735?
5
What is the hundreds digit of 915632?
6
What is the thousands digit of 217941?
7
What is the hundred thousands digit of 100396?
1
What is the ten thousands digit of 122504?
2
What is the thousands digit of 376520?
6
What is the hundreds digit of 1369207?
2
What is the hundred thousands digit of 4714281?
7
What is the tens digit of 3061507?
0
What is the units digit of 546076?
6
What is the units digit of 1219627?
7
What is the hundred thousands digit of 4024970?
0
What is the thousands digit of 83255?
3
What is the tens digit of 2899068?
6
What is the hundred thousands digit of 191321?
1
What is the ten millions digit of 39797265?
3
What is the thousands digit of 2843580?
3
What is the ten thousands digit of 374807?
7
What is the tens digit of 12559538?
3
What is the ten millions digit of 19703926?
1
What is the hundreds digit of 4782943?
9
What is the ten thousands digit of 102898?
0
What is the thousands digit of 687912?
7
What is the ten thousands digit of 2129000?
2
What is the hundreds digit of 221989?
9
What is the units digit of 276682?
2
What is the millions digit of 5054090?
5
What is the millions digit of 13738963?
3
What is the hundred thousands digit of 1839710?
8
What is the ten thousands digit of 377144?
7
What is the hundred thousands digit of 1733503?
7
What is the ten thousands digit of 39728?
3
What is the units digit of 899479?
9
What is the hundreds digit of 484417?
4
What is the tens digit of 1582574?
7
What is the units digit of 141185?
5
What is the units digit of 376029?
9
What is the tens digit of 117021?
2
What is the ten millions digit of 31456097?
3
What is the ten thousands digit of 11400782?
0
What is the hundreds digit of 839804?
8
What is the hundred thousands digit of 6102152?
1
What is the units digit of 246227?
7
What is the tens digit of 16764526?
2
What is the ten thousands digit of 545095?
4
What is the hundreds digit of 7495243?
2
What is the ten thousands digit of 10592778?
9
What is the thousands digit of 10487773?
7
What is the millions digit of 14776539?
4
What is the hundred thousands digit of 528718?
5
What is the units digit of 829123?
3
What is the ten thousands digit of 881656?
8
What is the millions digit of 9926784?
9
What is the units digit of 6013369?
9
What is the ten thousands digit of 16188565?
8
What is the hundreds digit of 305791?
7
What is the units digit of 2844315?
5
What is the hundreds digit of 4035328?
3
What is the hundreds digit of 626221?
2
What is the ten thousands digit of 2377605?
7
What is the units digit of 499421?
1
What is the thousands digit of 1682678?
2
What is the units digit of 5706306?
6
What is the ten thousands digit of 1630936?
3
What is the tens digit of 1077524?
2
What is the units digit of 22571244?
4
What is the units digit of 214418?
8
What is the tens digit of 137676?
7
What is the thousands digit of 75152?
5
What is the units digit of 212833?
3
What is the thousands digit of 675514?
5
What is the hundred thousands digit of 1046353?
0
What is the hundreds digit of 217361?
3
What is the thousands digit of 1137861?
7
What is the millions digit of 1549083?
1
What is the ten thousands digit of 266718?
6
What is the hundred thousands digit of 2712857?
7
What is the tens digit of 31155?
5
What is the units digit of 49017?
7
What is the tens digit of 3519225?
2
What is the ten thousands digit of 846581?
4
What is the ten millions digit of 36880632?
3
What is the ten thousands digit of 393657?
9
What is the tens digit of 4606132?
3
What is the ten thousands digit of 753888?
5
What is the tens digit of 7944269?
6
What is the ten thousands digit of 4195009?
9
What is the ten thousands digit of 1523338?
2
What is the ten thousands digit of 760378?
6
What is the tens digit of 242877?
7
What is the ten thousands digit of 69128?
6
What is the hundred thousands digit of 1220915?
2
What is the hundreds digit of 52185?
1
What is the hundreds digit of 320342?
3
What is the hundreds digit of 199387?
3
What is the units digit of 18456375?
5
What is the hundred thousands digit of 452908?
4
What is the ten thousands digit of 233268?
3
What is the units digit of 3206642?
2
What is the thousands digit of 180342?
0
What is the hundreds digit of 7037588?
5
What is the tens digit of 50933?
3
What is the hundreds digit of 358434?
4
What is the units digit of 2019397?
7
What is the hundreds digit of 12932?
9
What is the thousands digit of 752612?
2
What is the millions digit of 2485357?
2
What is the units digit of 549318?
8
What is the ten thousands digit of 1605006?
0
What is the hundred thousands digit of 32738617?
7
What is the ten thousands digit of 334694?
3
What is the ten thousands digit of 125063?
2
What is the millions digit of 1456502?
1
What is the tens digit of 1185076?
7
What is the units digit of 3664817?
7
What is the hundred thousands digit of 277587?
2
What is the hundred thousands digit of 21862920?
8
What is the hundreds digit of 17208405?
4
What is the millions digit of 19542917?
9
What is the thousands digit of 2003908?
3
What is the units digit of 180429?
9
What is the millions digit of 1238604?
1
What is the hundred thousands digit of 1023392?
0
What is the hundreds digit of 99748?
7
What is the hundreds digit of 42820?
8
What is the millions digit of 2015755?
2
What is the hundreds digit of 35627?
6
What is the hundreds digit of 6003354?
3
What is the units digit of 635566?
6
What is the ten millions digit of 29306682?
2
What is the thousands digit of 174358?
4
What is the units digit of 319464?
4
What is the hundreds digit of 2925275?
2
What is the ten thousands digit of 957638?
5
What is the hundred thousands digit of 219924?
2
What is the hundred thousands digit of 413842?
4
What is the hundred thousands digit of 4084271?
0
What is the tens digit of 19331055?
5
What is the millions digit of 5908680?
5
What is the tens digit of 268597?
9
What is the units digit of 43803612?
2
What is the tens digit of 1955410?
1
What is the hundreds digit of 2139237?
2
What is the hundred thousands digit of 345602?
3
What is the hundred thousands digit of 388111?
3
What is the tens digit of 349151?
5
What is the hundreds digit of 2924899?
8
What